v = -v - 4*a - 132, 93 = -3*v - a. Let f be 2/(-8) - (2 + v/(-8)). Is d(f) composite?
False
Suppose 2498635 = 234*k - 51*k - 2662148. Is k composite?
False
Let t(b) = b**2 + 5*b + 367427. Is t(0) a composite number?
False
Let u = 233655 - -544076. Is u prime?
True
Let x(y) = -1500*y - 18 + 16 + 8139*y. Is x(1) composite?
False
Suppose 4*m + 5*s = -68, 3 = -3*s + 15. Let v be 8/(-2 - 0) - m. Let b = 61 + v. Is b a prime number?
True
Suppose -658 - 526 = 2*q. Let h(o) = -13*o + 846. Let f be h(0). Let x = q + f. Is x composite?
True
Let b(a) = 41*a**2 + a**3 - 16*a - 5 - 42*a**2 - 18*a. Is b(12) prime?
True
Let v(g) = 12*g**2 + 28*g - 143. Suppose 9*c - 190 + 109 = 0. Is v(c) prime?
False
Let u = 17 + -13. Suppose 0 = -3*w + 2*t - t + 23, -2*w - u*t = -34. Suppose -10*r + w*r + 3683 = 0. Is r a prime number?
False
Let w(r) = 4*r**2 - 22*r - 461. Is w(37) composite?
False
Suppose l + 2*z = -42, l + 4*z + 19 + 21 = 0. Is ((l/6)/(-11))/((-2)/(-3573)) composite?
True
Let x be -1 - (-2086)/10 - 32/(-80). Suppose 0 = -2*h + 3*i + 1473, h - 486 = 3*i + 246. Let v = h - x. Is v prime?
False
Let i be (-17 - (-5 - -3))*-29. Suppose -t + m + i = 5*m, -t + 3*m = -400. Is t a composite number?
True
Suppose -955*d - 19105 = -960*d - 5*z, -7662 = -2*d + 2*z. Is d a prime number?
False
Suppose -4*g = 28, 3*g - 963306 = 4*a - 7*a. Is a a composite number?
False
Let h = -455181 - -656152. Is h composite?
False
Suppose 0*n - 3*n + 75 = 5*i, 0 = 5*n - 25. Suppose -9*f + 6 = -i*f. Is f/(-3) - 4/((-24)/962) a prime number?
False
Suppose -16*n - 5 = -17*n. Suppose -j + 6350 = 5*s, -3*j = n*s + 1408 - 7748. Is s composite?
True
Suppose -14*a - 5 = 9. Let s(c) = 7492*c**2 - 4*c - 3. Is s(a) a prime number?
False
Is -9*(-20)/(-30) + 256727 prime?
True
Let h be (12*6/4)/(2*1). Suppose 2207 - 7040 = -h*w. Is w prime?
False
Suppose 0 = x + 11*x - 156. Suppose -141129 = -14*r - x*r. Is r a composite number?
False
Let o(r) = 21*r**2 - r + 27. Suppose c - 23 = -4*m + 2*c, 6 = 3*m + 3*c. Suppose 2*j + 0*w = m*w + 3, 0 = -4*w - 20. Is o(j) a prime number?
True
Let p be -7 + (-44)/8*-6. Suppose p*n + 2*n = 151144. Is n prime?
False
Let w(f) = -f**3 + 11*f**2 - 27*f + 212. Is w(-33) composite?
False
Suppose 5*q = 11702 + 9438. Suppose -6*k + 2*k + m + 4222 = 0, -4*m - q = -4*k. Is k a prime number?
False
Suppose 146785 = 3*b - 217343. Suppose 13198 = 6*u - b. Is u prime?
False
Let p = -88 + 90. Suppose -4*g + 1458 = 5*t - 1995, 5*g - 4308 = p*t. Is g a composite number?
True
Let k be 4/(-20)*15/6*4. Let s(v) = v**2 + 5*v + 11. Let i be s(k). Suppose 2*h - z = 3901, 0 = -4*h + 5*h - i*z - 1964. Is h a composite number?
False
Let w be (-3 - 19718/8) + (-3)/12. Let u = 6621 + w. Is u composite?
False
Let x be (4 - 21/6) + 14334/4. Let j = x - -99. Is j a prime number?
False
Suppose 11*u - 63843 = 8*u. Let w = u - 14832. Is w a composite number?
False
Let f be 1/6 + (2812545/(-54))/(-5). Suppose -y = -j - f, -52071 = -5*y - 10*j + 8*j. Is y a composite number?
True
Let p(w) = -40 + 13*w + 17*w - 16*w - 23*w. Suppose 12 + 7 = -m + 4*n, -5*m - 4*n - 47 = 0. Is p(m) a composite number?
False
Let b = -7 - 9. Let s = 19 + b. Suppose -s*p + 496 + 65 = 0. Is p composite?
True
Let j = 132 - 130. Suppose -2*m = -6*m + j*t + 21936, -10974 = -2*m + 4*t. Is m composite?
False
Let c(p) = -4 + 3 + p + 15 + 6. Suppose -3*h = a - 7, 9*h - 45 = 5*a + 4*h. Is c(a) composite?
True
Suppose 37*p = 55*p - 954. Is p*1/((-3)/(-201)) composite?
True
Let l = 120494 - 67875. Suppose 41*m = 48*m - l. Is m a prime number?
True
Suppose -128 + 134 = 2*b. Is (-2 + b)/(8/5048) a prime number?
True
Let k be ((-12)/15)/((-10)/(-11575)). Let j = k - -2539. Suppose -3*y - y = -3*w - j, w = -2*y + 819. Is y prime?
False
Let t = 6678 - 1939. Is t a composite number?
True
Let r = 305 + -198. Let i = r + -103. Suppose -5*c = -4*j - 501 + 9088, j + i*c = 2173. Is j composite?
False
Let y(u) = 72*u**2 - 17*u - 47. Is y(-18) prime?
False
Let i(n) = -n**3 - 34*n**2 - 166*n - 70. Is i(-51) a composite number?
True
Let n = 164 - 166. Is 3157 + 8 + n + 0 prime?
True
Suppose -45500 + 12224 = -12*g. Suppose 3*b + 6856 = 4*b. Suppose b = 3*d + g. Is d a composite number?
False
Let g be ((-782)/3)/(2/(-6)). Suppose 44*v + 13*v - 399 = 0. Suppose -v*r + 5*r = -g. Is r prime?
False
Let c = 241 + -238. Suppose -6*a - 3*x = -a - 52250, 0 = -c*a - 3*x + 31344. Is a a prime number?
True
Let d = -2 - -6. Let s be (1/(-2))/((-4)/(3 - -37)). Suppose 4*b + 0*b + 947 = s*u, d*b - 390 = -2*u. Is u prime?
True
Let f = 72 + -15. Let r = 64 - f. Suppose 0*o = r*o - 8813. Is o a prime number?
True
Let h = 512 - 512. Suppose 2*g - 4 = s, -g - 2*g + 3 = -3*s. Suppose h = -s*z + 3*u + 115, -z - 2*z + 201 = 5*u. Is z prime?
False
Suppose -3*p - 669176 = -3*y + 1782043, 5719511 = 7*y - 5*p. Is y composite?
False
Let w(c) = -4*c**2 + 5*c**2 + 3*c - 3*c**2 + 13*c**3 - 3. Let b be w(4). Suppose b = 5*p - 4*a, -5*p + 4*p + 3*a + 164 = 0. Is p a composite number?
True
Suppose -18 + 24 = 6*y. Is (4*(-67)/(-2))/y prime?
False
Is 34219 - 29/((-1450)/(-120))*-5 prime?
True
Let y(w) = 584*w**2 - 15*w + 122. Let t be (-208)/(-14) - (14 + (-594)/42). Is y(t) a prime number?
True
Suppose -2*g = -0*g + 5*b - 6, -5*g + 3*b - 47 = 0. Let m(u) = -480*u + 29. Is m(g) a composite number?
False
Let x be 0 + 510 + (0 - -1). Let t = 3848 - 3068. Let g = t - x. Is g composite?
False
Suppose 0 = 17*m - m - 46448. Suppose -38507 = -10*h + m. Is h composite?
True
Let t(l) = l**3 - 10*l**2 - 6*l - 10. Let z be t(13). Let u be 639/(3/3) - -1. Let p = u - z. Is p composite?
True
Let a = 53 + -61. Let p(u) = 11*u**2 + u - 6. Let s be p(a). Let c = s + -427. Is c composite?
False
Let b(k) = -128919*k + 118. Is b(-7) a prime number?
False
Let q(v) = v**3 + 7*v**2 - 22*v - 6. Let z be q(-17). Let r be (-20)/(-6) + -3 + z/(-3). Suppose 3 = -3*f - 0, -3*f = -2*d + r. Is d composite?
False
Let v(f) = -f**3 - 22*f**2 - 20*f + 11. Let y be v(-21). Is (-3768)/y - 8/(-40) prime?
False
Let r(c) = 478*c**2 - 51*c - 740. Is r(-19) prime?
True
Let h be 107/(-7) + 70/245. Let o(r) = -3*r**2 - 44*r + 15. Let y be o(h). Suppose y = -i + 600 + 441. Is i a prime number?
False
Let k(s) = 55826*s**2 + 7*s - 34. Is k(3) a composite number?
False
Suppose -7*u - 856 = -961. Is (-1 - -27016) + (13 - 73)/u a prime number?
True
Let n be (9/(-12))/1*(-12 + -4). Suppose 0 = -n*g + 7772 + 10552. Is (-4)/4 + 5 + g a composite number?
False
Suppose 5*d = 4*m + 46429, -1774*d = -1773*d + 2*m - 9297. Is d prime?
False
Let t(i) = -63*i**2 + 58*i**2 + i + 1 + 4*i - 3 + i**3. Let c be t(4). Suppose 5*z - 3163 = w, -193 = c*z + w - 1461. Is z a composite number?
True
Let o(s) = s**3 + 72*s**2 + 40*s + 486. Is o(59) a prime number?
False
Let j(n) = -n**2 + n + 115. Let r(x) = -x**2 + 4*x. Suppose -4*t + 8 + 8 = 0. Let c be r(t). Is j(c) prime?
False
Let s(n) = 3*n**3 + 7*n**2 + 16*n - 2139. Is s(28) a prime number?
True
Let v = -50 + 52. Suppose 11*c = -2*k + 12*c + 9120, v*k - 3*c = 9116. Is k prime?
True
Let o be -9*2*(-320)/3. Suppose 3*w - 5*d = 1899, 4*w - w - o = -2*d. Suppose -t + 5*m - 163 = -w, -4*m = -8. Is t a composite number?
True
Is (-1803180)/(6 - 18) - 6*2/3 prime?
False
Let p(o) = o**3 + 9*o**2 - 5*o + 16. Let j be 91/4 - 5/(-20). Suppose 5*i + j = -4*c - 0*c, 2*c = i + 13. Is p(i) prime?
True
Suppose -11*y = 30*y - 2147539. Is y prime?
True
Let d be (-24)/15 + 6/10. Is (-2)/(d + 1161/1163) prime?
True
Let i be (174/9)/((-14)/84). Is 5/(-2)*(-18)/(-15) - i prime?
True
Suppose -3*l - 19 = -l + 5*o, -4*l + 2*o + 22 = 0. Suppose 5*t + 16 = -l*i + 4*t, -4*i = -2*t + 8. Is 5*i/((-12)/237) a composite number?
True
Let k = 181063 + -73430. Is k composite?
True
Suppose 34876 - 731993 = -37*r. Is r a composite number?
True
Let w = -60 - -151. Suppose 87*a = w*a - 128. Suppose 3009 = -29*y + a*y. Is y a prime number?
False
Let l = -31 - -36. Suppose -10*f + 10 = -l*f. Suppose -1096 = -4*w + 2*a, -7*w + f*w + 1370 = 2*a. Is w prime?
False
Suppose 11*w - 5*r + 142191 = 12*w, -2*w = r - 284310. Is w prime?
True
Let b(f) = -26*f + 64. Let o be b(-17). Let d = o + -303. Is d a composite number?
True
Let u(r) = -r**3 - 7*r**2 - 7*r - 3. Let c be u(-6). Let f be -251 - (c + -1 - 3). Let y = 693 - f. Is y a composite nu